 2910. What is the units digit of p?
5
Suppose 113*v - 669475 - 1366136 = -240493. What is the hundreds digit of v?
8
Suppose -32*g = -26*g. Suppose 3*p + a - 1041 = g, 4*a - 339 = -p + a. What is the tens digit of p?
4
Suppose -2*i = 2*y, 5*y + 0*y + 10 = 0. Let x be (-3 + 3)/(1 + i). Suppose -b + 3*q + 24 = x, 3*q - 45 = -2*b + 30. What is the units digit of b?
3
Let m(t) = -t**3 - 3*t**2 + 6*t + 4. Suppose 5 = -i - 0, -i - 39 = 2*x. Let k be x/3 - (-5)/(-15). What is the units digit of m(k)?
6
Let o be 1*(-12)/(-28) + (-36)/(-14). Suppose 0 = b - 3*w - 60, -5*b + 195 = -b + o*w. What is the tens digit of b?
5
Suppose 108*j + 53570 = 94284 + 235334. What is the hundreds digit of j?
5
Let d be (-9)/(-6)*(6 - 4). Suppose -j + 207 = 5*p, -j = -d*j + 5*p + 369. Suppose -j = 3*x - 468. What is the tens digit of x?
9
Suppose 921*t = 4*s + 926*t - 79793, -20 = -4*t. What is the thousands digit of s?
9
Let y(z) = -460*z + 576. What is the hundreds digit of y(-9)?
7
Let b be 1367/(-13) + 16/104. What is the units digit of (-3 - b)*(-30)/(-9)?
0
What is the hundreds digit of (-74)/(-148)*1*93336?
6
Let n(p) = p**2 - 10*p + 4. Let m be n(7). Let b = m - -21. Suppose -2*j + 54 = -j + 2*h, -b*h - 4 = 0. What is the tens digit of j?
5
Let g = 405 + -374. Suppose -2*i = q - 87, -3*q + 4*i + 302 = g. What is the tens digit of q?
8
Suppose -4*g - 16005 + 144383 = 2*t, 64175 = 2*g + 15*t. What is the tens digit of g?
9
Suppose 36*i = 254726 + 230838 + 261112. What is the hundreds digit of i?
7
Let f = 25196 - 14325. What is the units digit of f?
1
Suppose 3380 = 16*r - 14*r. Suppose -14*n + 2790 = -r. What is the hundreds digit of n?
3
Let s = -6112 - -14166. What is the thousands digit of s?
8
Let g be (-232)/(-18) + ((-8)/9 - -1). Suppose -5*x - 5*m = -2890, -4*x + g*m = 8*m - 2312. What is the units digit of x?
8
Suppose -4*d - 1269 = 1831. Let c = d - -330. Let r = -286 - c. What is the units digit of r?
9
Suppose -73 = 5*m + s, -9*s = 5*m - 10*s + 77. What is the units digit of -2 + (-5)/m*237?
7
What is the thousands digit of ((-133697)/(-21) - (-3 - (-220)/77))*3?
9
Let f(m) be the third derivative of -m**6/120 + m**5/10 + 5*m**4/24 - m**3/3 + 20*m**2. Let y be f(6). What is the units digit of (3/2)/(7/y)?
6
Let v(l) = 551*l + 8392. Let q be v(-14). Let r = 9 - 5. Suppose r*x + 2*x = q. What is the hundreds digit of x?
1
Let y(p) = p**3 - 7*p**2 - 12*p - 7. Let m be y(8). Let q = m + 24. Let v = q + 37. What is the units digit of v?
2
Let m = 1 + 138. Let y = -111 + m. What is the units digit of y?
8
What is the units digit of (186/(-5))/(4372/(-4360) + 1)?
6
Let d = 543 - 1566. Let i = 930 - d. What is the thousands digit of i?
1
Suppose 2061 = -12*k + 21*k. Let p = 887 + k. What is the tens digit of p?
1
Let v = -251 - 44. What is the tens digit of 5 - (v + 0 + 1)?
9
Suppose 0 = 3*n + t - 538, n + t = 5*n - 729. Suppose -i - n = -526. Suppose -i = -13*d + 266. What is the units digit of d?
7
Suppose -6310 = -2*w - 4*s, -4*s - 162 - 2999 = -w. What is the hundreds digit of w?
1
Suppose 0*g - 5*c + 3889 = 4*g, -5*c = 2*g - 1947. What is the tens digit of g?
7
Let q(m) = -2*m - 16. Let w be q(-9). Suppose -w*z - 476 = 2*z. Let y = z - -177. What is the units digit of y?
8
Suppose -2334*b - 189176 = -2351*b. What is the thousands digit of b?
1
Let q(a) = -a**3 + 6*a**2 - 3*a + 11. Let t = 41 + -31. Let o be ((-3)/(36/t))/((-2)/12). What is the units digit of q(o)?
1
Let f = 27363 - 3985. What is the thousands digit of f?
3
Let j(w) = -2*w**2 - 235*w + 40. What is the units digit of j(-30)?
0
Suppose 151*o - 59*o = 77*o + 931185. What is the units digit of o?
9
Suppose r + 3*r + 2250 = 3*c, 0 = c + 4*r - 766. Let v be 10/(-4) + (-767)/(-26). What is the tens digit of 9/v + c/6?
2
Suppose -193*w = -47*w - 1464380. What is the thousands digit of w?
0
Suppose -8*o + 3*o - n - 912 = 0, 2*o + 2*n + 368 = 0. Let l = o + 354. What is the units digit of 3/(((-48)/l)/(-4))?
3
Let o = -8527 - -14731. What is the thousands digit of o?
6
Suppose -2 = -t + 3, 0 = -2*u - 5*t - 145. Suppose -5207*f + 5200*f - 896 = 0. Let i = u - f. What is the units digit of i?
3
Let p = 27 + -24. Let b(d) = d**2 - 10*d - 25. Let k be b(-15). What is the units digit of 2/p - k/(-6)?
9
Suppose 17*q = -5*v + 19588, q = -3*v + 6*v - 11708. What is the thousands digit of v?
3
What is the ten thousands digit of ((-40885 + 2)*-1)/((-170)/(-340))?
8
Let r(u) = 2*u**3 - 19*u**2 + 52*u - 179. What is the tens digit of r(12)?
6
Let o be (68/12 - 5)*18. Suppose 2*n = o*n - 40. Suppose 5*k - 404 = -4*x, n*k - 2*x = -3*x + 332. What is the tens digit of k?
8
Let g(u) = 5*u**2 + 17*u - 7. Let r(c) = 11*c**2 + 35*c - 16. Let f(z) = 9*g(z) - 4*r(z). What is the units digit of f(16)?
5
Suppose 0 = -3*w + 4*w - 32. Suppose b = -b + w. Suppose -5*p = 2*a - 52 + b, 5*a - 73 = -4*p. What is the tens digit of a?
1
Let k = 30566 + -18931. What is the units digit of k?
5
What is the tens digit of 0 - 8592/15*(-325)/26?
6
Let n(s) = 7*s - 25. Let f be n(4). Suppose -f*q + 174 = h + 12, -3*q + 666 = 4*h. What is the units digit of 0/(-2 - 3) + h?
8
Let x(j) = -j**2 + 8*j + 8. Let u be x(9). Let m(l) = 10*l**2 + 22*l**2 - 2*l - 10*l**2 + 42*l**2. What is the units digit of m(u)?
6
Suppose 13896 = -124*i + 127*i. What is the hundreds digit of i?
6
Let f(i) = i**3 + 2*i**2 - 7*i - 2. Let r = -5 + -2. Let m be 0/(-6)*1 - (2 + r). What is the tens digit of f(m)?
3
Suppose -5*t - 15 = -3*f, f + 4*t - 23 + 1 = 0. Suppose 1960 = f*b - 680. What is the hundreds digit of b?
2
Let b(h) = -h**3 + 2*h**2 + 4*h - 4. Let s be b(3). Let f be s/4 + 12/(-16). What is the tens digit of 7 - 8 - f*17?
1
Let p = 63 - 51. Let b be 990/p*4/6. Let n = b + -51. What is the units digit of n?
4
Suppose 0 = -5*q + q + 180. Suppose 31*b - 40*b + 216 = 0. Let f = q - b. What is the units digit of f?
1
Suppose 28*v + 8*v - 133812 = 0. What is the units digit of v?
7
Suppose 3*o = 2*k - 0*k - 6184, 0 = 5*k + 4*o - 15483. What is the tens digit of k?
9
Suppose -277 + 112 = -4*p - 5*x, 2*p - 4*x - 76 = 0. Suppose -p*k + 4664 = -496. What is the units digit of k?
9
Let x(o) = -11*o**2 + o + 32. Let h(b) = 3*b**2 - b - 10. Let r(c) = -7*h(c) - 2*x(c). What is the units digit of r(22)?
0
Suppose -34 = -12*f + 14. Suppose 2*t + 5*g + 31 = 1822, t - f*g = 902. What is the units digit of t?
8
Suppose 54*o - 9037 = 51*o - 5*a, 0 = -2*o - 3*a + 6024. What is the thousands digit of o?
3
Let d(c) = 1338*c**2 + 22*c + 44. What is the ten thousands digit of d(-3)?
1
Let l(v) = 84*v - 32. Let c(i) = i**3 - 8*i**2 - 21*i + 14. Let s be c(10). What is the hundreds digit of l(s)?
3
Let w(h) = -2*h**2 - 22*h + 3. Let n be w(-11). Suppose -2*u - 2*i + n*i = -278, -5*u + 677 = 2*i. Suppose 3*c = -u + 416. What is the units digit of c?
3
Suppose 0 = -9*h + 4 + 167. Suppose b - 86 = -h. What is the tens digit of b?
6
Let g be ((-10 + -6)/(-4) - 6) + 507. Let h = 543 - g. What is the tens digit of h?
3
Let q = -5 + 13. Suppose 0*b + q = 4*b, 642 = 2*m + 4*b. Suppose 0 = -5*z + 3*n + 312, 5*z + 0*n = -2*n + m. What is the units digit of z?
3
Let n(u) = -117*u + 1910. What is the tens digit of n(-42)?
2
What is the ten thousands digit of 12 - 8 - (6 - 1 - (26 + 18899))?
1
Let k be 8 + (-13)/((-26)/12). Suppose k*v = 5*v + 3924. What is the units digit of v?
6
Let k = -27952 - -56457. What is the tens digit of k?
0
Let l = 7859 - -2183. What is the hundreds digit of l?
0
What is the thousands digit of (12/5)/(15/(-1391000)*-5)?
4
Suppose -54144 = -3*p - 3*q, -55*q = -57*q + 14. What is the thousands digit of p?
8
Suppose -c + 5794 = -3*x, -4*c = 19 + 1. What is the tens digit of ((-273)/28)/(-13) - x/4?
8
Suppose 3*u = -0*u - 3*s + 6, -2*u = s. What is the units digit of (4 - (u + 9)) + 675?
2
Let i be (-3)/9*30/2. What is the hundreds digit of (-2962)/i + 2/(-5)?
5
Let d(b) = b**3 - 5*b**2 + 10*b - 23. Let t be d(3). Let z(p) = -21*p - 69. What is the units digit of z(t)?
2
Let v(p) = 2*p**2 - 41*p + 38. Let w be v(17). Let a = w - -622. What is the tens digit of a?
4
Suppose -2*o - 2*n + 38830 = 4528, 3*o - 5*n = 51501. What is the hundreds digit of o?
1
Let x = 162 + -180. Let m(w) = w**2 + 8*w - 13. What is the hundreds digit of m(x)?
1
Suppose 157*k - 1213510 